3)/(-2).
2, 5, 13
Let x(g) = 38*g - 18. Let l be x(6). Let t = l - -178. What are the prime factors of t?
2, 97
Let w(t) = 196*t - 792. What are the prime factors of w(11)?
2, 11, 31
Suppose 5*b = -5*r - 55, -3*b - 2*b - 43 = -r. Let t(f) be the second derivative of -f**4/12 - 5*f**3/2 - 2*f**2 + 864*f. What are the prime factors of t(b)?
2, 5
List the prime factors of 19 - (120/(-5) + -32547).
2, 5, 3259
What are the prime factors of 36382/12 - (2/36)/((-1)/3)?
2, 379
Suppose 4*x - 4*f + 452 = 13388, -2*f = 5*x - 16198. List the prime factors of x.
2, 1619
Let b be (2 + -6 + 0)*(-298)/8. Suppose -3*w - 27 = -a - b, -4*w + 169 = 5*a. Suppose -w*j + 57 = -40*j. What are the prime factors of j?
3, 19
Suppose -18*g = -22*g + 16. Suppose 0 = -g*n + 4675 + 3193. What are the prime factors of n?
7, 281
Let h = 11 + -23. Let q(g) = -14*g**2 - 59*g - 15. Let d(b) = 26*b**2 + 111*b + 30. Let f(p) = 6*d(p) + 11*q(p). List the prime factors of f(h).
3, 11
Let m = -72 + 93. Suppose -5*j + 2*d = 4*d - m, 0 = d - 3. Suppose -j*c - 3*a + 309 = 0, -4*a - 5 = -9*a. What are the prime factors of c?
2, 3, 17
Let k(h) = 7*h**3 - 10*h**2 + 9*h + 2. Let q be k(8). Suppose -4143 = -7*t + q. List the prime factors of t.
3, 11, 31
Suppose -3*v - 4*q + 30905 = 0, -3*v - q = -40882 + 9965. What are the prime factors of v?
11, 937
Let l = -182 - -177. What are the prime factors of ((-1)/2)/(l + (-4036)/(-808))?
101
Suppose 0 = -8*h + 33 + 63. What are the prime factors of h*484/8 - -4?
2, 5, 73
Let n(m) = -m**3 - 11*m**2 + 25*m - 8. Let u be n(-18). Suppose 9730 = 5*a + u. Suppose 10*q = -q + a. What are the prime factors of q?
2, 3
Let q = 8779 + 7011. List the prime factors of q.
2, 5, 1579
Suppose 2*m - 375 = -5*q, -68 = -q + 20*m - 19*m. Suppose -2195 = -3*t + q. What are the prime factors of t?
2, 3, 7
Let x(r) = -2*r**3 + 8*r - 5. Let q = -112 - -116. Suppose -b - 5*n = -5, -q*b + 5*n - 30 = -0*n. What are the prime factors of x(b)?
5, 41
Let f(i) = i**2 + 5*i + 273. What are the prime factors of f(-21)?
3, 7, 29
What are the prime factors of -2 + 36256/5 + -7*108/630?
2, 3, 151
Suppose -5*z + 236 = 2*v, z - 2*z = 2*v - 44. Suppose -43*x + 44*x = z. Let i = 77 - x. List the prime factors of i.
29
Let o be 580/52 + (-14)/91. Suppose -o*i = -648 - 903. What are the prime factors of i?
3, 47
Let z = 1869 + 38472. What are the prime factors of z?
3, 7, 17, 113
Let a(z) be the third derivative of 41*z**5/30 - z**4/8 - 4*z**3/3 - 68*z**2. List the prime factors of a(-2).
2, 163
Let j = 23 + -23. Let k be -7 + 7 - (-4 - j). What are the prime factors of k/(-22) + 1984/22 + 2?
2, 23
Let q(v) = 5552*v**3 + 3*v**2 + 6*v - 2. List the prime factors of q(2).
2, 17, 1307
Let v(h) = 41 + 4 + 108*h + 102*h**2 - 202*h**2 + 103*h**2. What are the prime factors of v(-37)?
2, 3, 13
Suppose 5*x + 0*x = -10, 0 = 4*g + 2*x - 1376. Let l = g - -11. List the prime factors of l.
2, 89
Suppose 9*s = 122 + 94. Suppose 16*u + 5584 = s*u. What are the prime factors of u?
2, 349
Suppose 0 = 7*s - 20 - 1. Suppose 2*g - 2*y - 1054 = 0, -8*y + s = -5*y. Let x = g - 292. List the prime factors of x.
2, 59
Suppose 141078 + 85640 = 20*i - 453422. List the prime factors of i.
31, 1097
Let a(v) = v + 13. Let l be a(-9). Suppose 6*s = l*s + 14. Suppose 57 + 132 = s*j. What are the prime factors of j?
3
Suppose -75*z = -24*z - 223329. What are the prime factors of z?
29, 151
Let o be 2/7 - 8059791/(-301). Suppose -o = -36*r - 5285. List the prime factors of r.
3, 199
Let x(u) = 1 - 6*u + 7 + 111*u**2 - 108*u**2. Let f be x(2). Suppose 0 = -f*d - 122 + 1042. What are the prime factors of d?
5, 23
Suppose 132*k + 61831 = 139*k. What are the prime factors of k?
11, 73
Let f(j) = -1731*j + 59. What are the prime factors of f(-2)?
7, 503
Let k be (-79)/2*14 - 0. Suppose 29475 = -36*v - 39*v. Let t = v - k. List the prime factors of t.
2, 5
Suppose -s + 3 = 0, 0 = 2*x + s - 3*s - 39574. What are the prime factors of x?
2, 5, 1979
Let x = 519 - 505. Suppose 2188 = x*g - 10*g. List the prime factors of g.
547
Let a = -8328 - -14192. List the prime factors of a.
2, 733
Suppose 5*c = -6*c + 22. Let w(b) = 48*b**2 - 4*b + 4. What are the prime factors of w(c)?
2, 47
Let r(z) be the third derivative of -z**4/24 + 24*z**2. Let g be r(-7). What are the prime factors of 46 - 7/(g/(-2))?
2, 3
Let c = 40110 + 1644. What are the prime factors of c?
2, 3, 6959
Suppose -4*n - n = 5*t - 15270, 0 = -5*t + 5*n + 15320. What are the prime factors of ((-24)/(-14))/(23/t)?
2, 3, 19
Let p(k) = -4*k**3 - 23*k**2 - 287*k - 9. List the prime factors of p(-20).
103, 277
Let c(v) = 172*v**2 - 7*v + 179. List the prime factors of c(7).
2, 11, 389
Let v(y) = 0*y + 41 - 4*y + 122 + y + 44. What are the prime factors of v(17)?
2, 3, 13
Suppose 4*v - 1083 = 5*j, -3*v + 3*j + 755 = -58. Let p(q) = -113*q - 26. Let d be p(-6). Suppose -7*a + d = -v. What are the prime factors of a?
2, 3, 11
Let z = -102 - -39. Let q = -58 - z. Suppose 0*d = -2*b + d + 277, -q*b - 4*d = -699. List the prime factors of b.
139
Suppose -j - 3*j + 4720 = 0. Suppose -3*k + 74 = -j. What are the prime factors of k?
2, 11, 19
List the prime factors of (126/56)/(0 - (-9)/29280).
2, 3, 5, 61
Let n be (-1)/3 - -4*(-70)/(-120). Suppose 0 = -2*b + 4*g + 1132, 0*g + n*g = 2*b - 1136. List the prime factors of b.
2, 3, 5, 19
Suppose q - 276 = -4*x + 418, -3*x + 532 = -5*q. Let g = 118 - x. List the prime factors of (-16)/g + (-321)/7*-2.
2, 23
Let k(g) = -47*g + 16. Let y be (-8)/8 - (2 + 4 - 2). Let h be k(y). List the prime factors of 1/(2 - 3) + h.
2, 5
Suppose 0 = -4*d - d + 115. Let j = 5 + d. Let w = j + -4. List the prime factors of w.
2, 3
Let k = -35 + 200. Let b = k - 231. Let x = b - -135. List the prime factors of x.
3, 23
Suppose 4*o - 498 = -2*u + 358, -3*o - 3*u + 648 = 0. Suppose 3*q + 5*v = 813, 4*q - 855 = -v + o. List the prime factors of q.
2, 7, 19
Suppose 87*o - 4398828 = -65967. List the prime factors of o.
3, 13, 1277
Let w = 177 + 48. Suppose 216 = -w*v + 226*v. What are the prime factors of v?
2, 3
What are the prime factors of (2520/(-10))/18*-281?
2, 7, 281
Let p(r) = 3*r**2 + 9*r + 10. Suppose 2*i - 6 + 22 = 0. Let m be p(i). Suppose 4*f = m + 182. What are the prime factors of f?
2, 3, 13
Let u = -2125 + 3155. Suppose -2*y = -322 - u. Suppose -4*k + y = 4*j + 168, 4*k = j - 102. List the prime factors of j.
2, 61
Suppose -2*z + 1017 = -5*d, 2024 = 5*z - 4*d - 493. Suppose 2*q - 103 - 227 = -2*n, 0 = 3*q - 3*n - z. What are the prime factors of q?
2, 83
Let c = 108078 - 52438. List the prime factors of c.
2, 5, 13, 107
Suppose 0 = -2*p + 5*n - 187, -p + 5*n = -0*n + 81. Let w = p + 116. Let k(u) = 31*u - 69. List the prime factors of k(w).
241
Let f = 289 + 48. List the prime factors of f.
337
What are the prime factors of (-490 - -492)*(-7365)/(-2)?
3, 5, 491
Suppose -2*f = -6*f + 63852 + 63836. List the prime factors of f.
2, 11, 1451
Let v(f) = f**3 + 16*f**2 + 3*f - 38. Let n = -49 - -35. List the prime factors of v(n).
2, 3, 13
Let h(v) = v**3 + 8*v**2 - 9*v + 2. Let u be h(-9). Suppose -u*b - 2 = -4*b. What are the prime factors of 4/(b - 3) + 11?
3
Let w(t) = 34*t**2 - 10*t - 9. Let n be w(-5). Let b = 1565 - n. List the prime factors of b.
2, 337
Suppose -2*g + 4*a = -19710, -158*g - 5*a - 39405 = -162*g. What are the prime factors of g?
5, 11, 179
Let j(p) = 3*p**3 + 42*p**2 + 18*p - 14. Let c(a) = a**3 + 14*a**2 + 6*a - 5. Let d(x) = -11*c(x) + 4*j(x). List the prime factors of d(-6).
251
Let s be 855 + (-6 - (3 - 11)). Suppose -22*l = -s - 947. List the prime factors of l.
2, 41
Let k = 2468 + -938. Suppose 3*o - 10*x = -12*x + 925, x - k = -5*o. What are the prime factors of o?
5, 61
Let b(n) = 3*n + 15. Let r be b(15). Let t = 60 - r. What are the prime factors of -113*(t/6 - 1)?
113
What are the prime factors of 8*(-11464)/48*(-3)/4?
1433
Let h = 14226 + -9838. List the prime factors of h.
2, 1097
Let b = 11716 - 5117. What are the prime factors of b?
6599
Let v(l) = -l**3 - 2*l**2 - l - 1. Let r be v(-3). Suppose 3*c = 4*k + 143 + 2221, -4*k - 3948 = -5*c. Suppose -r*q = -5*q - c. List the prime factors of q.
2, 3, 11
Suppose -38*g + 33*g - 39249 = -3*v, 0 = 5*v - 4*g - 65389. List the prime factors of v.
17, 769
Let p be 3/(